 base 2, what is -1000011010100110111100010 + -11001?
-1000011010100110111111011
In base 8, what is -12 + 60737130?
60737116
In base 7, what is -1 - 216622412?
-216622413
In base 8, what is -334762 - 77?
-335061
In base 12, what is -170b - 13554?
-15063
In base 14, what is 4 - -6314b?
63151
In base 3, what is -2211201102022 - 10210?
-2211201120002
In base 4, what is 331 + -12020333313?
-12020332322
In base 3, what is 1012202122 + 20021122?
1110001021
In base 7, what is 64425 + 450?
65205
In base 10, what is -5 + -115254197?
-115254202
In base 8, what is -152230 + 364?
-151644
In base 12, what is -11b - 19992b?
-199a4a
In base 16, what is 3 + -23c775?
-23c772
In base 12, what is 5 - -10373858?
10373861
In base 2, what is -111010111110011 - -11101010?
-111010100001001
In base 7, what is -11 - 11452521?
-11452532
In base 3, what is -10 + 1110100102012?
1110100102002
In base 3, what is -10022221102 - 10001?
-10100001110
In base 14, what is 2b + 2dda04?
2dda31
In base 12, what is 2 + -60016426?
-60016424
In base 8, what is -1072611225 - -12?
-1072611213
In base 15, what is -15a + 2d41?
2bd6
In base 7, what is -63356014 + -14?
-63356031
In base 15, what is 9e4c1 - 45?
9e47b
In base 16, what is 1c66 + -317?
194f
In base 3, what is 2012212010102110 + 2?
2012212010102112
In base 7, what is -32522140 + -5?
-32522145
In base 8, what is 114104 + -430?
113454
In base 15, what is 94a + 1761?
21ab
In base 2, what is 11010011111000100111101100011 + 10?
11010011111000100111101100101
In base 15, what is -ea4 - 4c?
-1001
In base 15, what is 68 + 2b9ea?
2ba63
In base 8, what is 35 - -1032411?
1032446
In base 13, what is -a0a734 + 3?
-a0a731
In base 7, what is -1 - 1231614?
-1231615
In base 11, what is -124049 + 83?
-123a76
In base 11, what is -1 - 5112675?
-5112676
In base 3, what is -11 - 21102111122220?
-21102111200001
In base 4, what is 2013221120 - 30?
2013221030
In base 8, what is -3355531 - 2?
-3355533
In base 12, what is 1 - -459b31b?
459b320
In base 14, what is -794 - 54b9?
-5c6d
In base 10, what is 89629953 - 3?
89629950
In base 4, what is -2 + -322032010202?
-322032010210
In base 6, what is 431203 - -132?
431335
In base 13, what is 33ac + -a618?
-7239
In base 9, what is -3860 + -508?
-4468
In base 6, what is 50131 + 225115?
315250
In base 14, what is -a129 + 1007?
-9122
In base 15, what is -3 - -308a66d?
308a66a
In base 12, what is -4397 + -a069?
-12444
In base 16, what is -72169 + -fb?
-72264
In base 15, what is 30497e4 + -4?
30497e0
In base 5, what is -1241 - -242120114?
242113323
In base 6, what is -34 - 50142155?
-50142233
In base 11, what is 1 + -430032?
-430031
In base 14, what is -1 - 12885bc?
-12885bd
In base 7, what is -226 + 126335145?
126334616
In base 3, what is 1020222122121 + -21002?
1020222101112
In base 5, what is 3140 + 110121?
113311
In base 6, what is 221420432 + 4?
221420440
In base 13, what is -b99bc + b6?
-b9906
In base 16, what is -1844 + -5756?
-6f9a
In base 11, what is 143227a - 0?
143227a
In base 16, what is -623db61 + 5?
-623db5c
In base 13, what is -7b32811 + 8?
-7b32806
In base 9, what is -50725 + 77?
-50637
In base 16, what is 281ded + 4?
281df1
In base 4, what is 130320032303 - 20?
130320032223
In base 10, what is -14 + -1121592?
-1121606
In base 12, what is 198a184 - 14?
198a170
In base 7, what is 412 - -162112?
162524
In base 2, what is -100 + -101000001010111011001?
-101000001010111011101
In base 5, what is 11142013 + 302?
11142320
In base 10, what is 47248154 - -4?
47248158
In base 6, what is -2 + -32150150104?
-32150150110
In base 10, what is 2286975 + 151?
2287126
In base 6, what is 2532 + 15044201?
15051133
In base 2, what is -100 + 100010111001001101000011?
100010111001001100111111
In base 12, what is -a1b6 - -62a?
-9788
In base 2, what is 100111 - -110001000011110101011?
110001000011111010010
In base 14, what is -562360 + -3?
-562363
In base 2, what is 1001100001101 + -1010101000000110?
-1001011011111001
In base 10, what is -13114604 - -5?
-13114599
In base 10, what is -217133 + -278?
-217411
In base 11, what is -1 - 1051607?
-1051608
In base 7, what is 362615 + 50?
362665
In base 3, what is -21210102001001 + 22?
-21210102000202
In base 2, what is 110110 - 10101010010011111000?
-10101010010011000010
In base 5, what is 32433 + -1433021?
-1400033
In base 3, what is -20212120 + 100101112100?
100010122210
In base 11, what is 22811 - -2a71a?
52430
In base 10, what is 474 - -2564358?
2564832
In base 8, what is 441516003 - 13?
441515770
In base 15, what is -42 + 183e8b?
183e49
In base 3, what is 122200020112121 + -122?
122200020111222
In base 4, what is -2300102210300 - -10?
-2300102210230
In base 4, what is 1203010312012 - -11?
1203010312023
In base 10, what is -5 + -91776451?
-91776456
In base 5, what is 214 + 401240402?
401241121
In base 15, what is 2 - 7708b41?
-7708b3e
In base 7, what is 20 + 525503465?
525503515
In base 14, what is -2b - -ba4da?
ba4ad
In base 15, what is -a9 - -87cc2?
87c18
In base 13, what is -8 + -b89049?
-b89054
In base 3, what is -200200020112 + -210?
-200200021022
In base 2, what is 101001000 - 10001011111000100101?
-10001011110011011101
In base 12, what is 1aaa15 - 41?
1aa994
In base 2, what is 10100110 - 1001011000011101100010?
-1001011000011010111100
In base 12, what is -138 - -858972?
858836
In base 6, what is 1443520445 - -4?
1443520453
In base 7, what is 3035 + 2144404?
2150442
In base 14, what is -48 - -213baa?
213b62
In base 4, what is -10220000 - -30013300?
13133300
In base 11, what is -9 - -2201?
21a3
In base 2, what is 1111100101111010000 + 1001?
1111100101111011001
In base 14, what is 43351b + -69?
433492
In base 13, what is -265a185b - 3?
-265a1861
In base 14, what is -5db906 - 10?
-5db916
In base 9, what is -3 + 1021686?
1021683
In base 2, what is -11000010011 - -11110011101011?
11011011011000
In base 15, what is 27e35b + -7?
27e354
In base 3, what is 11 + -11202022120220?
-11202022120202
In base 5, what is -12332014 - 1142?
-12333211
In base 12, what is -149 + -1087b98?
-1088125
In base 12, what is -109 - 28b481?
-28b58a
In base 12, what is -588 + -81536?
-81b02
In base 4, what is -2202210003032 - 12?
-2202210003110
In base 2, what is -1010001 + -11111000011010001011?
-11111000011011011100
In base 7, what is -13033041226 + -5?
-13033041234
In base 9, what is -17648 - 135?
-17784
In base 9, what is 54 + -8185112?
-8185047
In base 13, what is -58 + 30a34?
309a9
In base 12, what is 23 + 5441?
5464
In base 13, what is -12a112c + -24?
-12a1153
In base 14, what is -1c5c25a - 4d?
-1c5c2a9
In base 11, what is 0 - -15a9068?
15a9068
In base 12, what is -34ab29 + 80?
-34aa69
In base 11, what is -14419 - 166?
-14584
In base 4, what is -31 + -130312302331?
-130312303022
In base 14, what is 42b23d + 6?
42b245
In base 4, what is -1 - 12122121213301?
-12122121213302
In base 14, what is -20b + -385971?
-385b7c
In base 13, what is 1458 + 1837?
2c92
In base 13, what is -589cc18 - -3?
-589cc15
In base 13, what is -1626 - 1871?
-3197
In base 6, what is 214 + 5143120?
5143334
In base 2, what is 1011100011101001101110101 - -1000?
1011100011101001101111101
In base 15, what is 6 - -4ae1387?
4ae138d
In base 4, what is -3132123123 - 3332?
-3132133121
In base 4, what is 3 + 1130310131300?
1130310131303
In base 8, what is -4 + 21507102?
21507076
In base 15, what is 1b + 98a51c?
98a538
In base 6, what is -5 - 11512225534?
-11512225543
In base 16, what is 34f3 - 40?
34b3
In base 11, what is 60188 + 17?
601a4
In base 4, what is 2 - -2002101333?
2002102001
In base 3, what is 101211 - 221221011111?
-221220202200
In base 9, what is 21843574 + 3?
21843577
In base 16, what is -4 + -1a3366c?
-1a33670
In base 7, what is -2 - -416311213?
416311211
In base 5, what is 23122 - -133243?
211420
In base 12, what is -20a672 - 0?
-20a672
In base 3, what is -1221 + 110000212000201?
110000211221210
In base 11, what is -5 - 35038aa5?
-35038aaa
In base 8, what is -16012602 + -44?
-16012646
In base 3, what is -10020210001221 + -1000?
-10020210002221
In base 5, what is 2434022041 - 11?
2434022030
In base 15, what is -154bc - -1cac?
-13710
In base 11, what is 2 + -5674643?
-5674641
In base 15, what is 4 + 2248e703?
2248e707
In base 4, what is -2013020023322 + -11?
-2013020023333
In base 5, what is 2 - 12201232334?
-12201232332
